vative of o**5/12 - 7*o**4/24 + 8*o**3/3 - 2*o**2 - 210*o - 1. Give z(6).
154
Let p(o) be the third derivative of -1/12*o**4 + 1/120*o**6 - 1/2*o**3 - 1/20*o**5 + 4*o**2 + 0 + 0*o. Let m be 11/3 - 2/3. What is p(m)?
-9
Let x(k) = 4*k + 16. Let g(m) = m**3 - 4*m**2 + 12*m - 29. Let d be g(3). Determine x(d).
8
Let p(q) = q**3 + 14*q**2 + 12*q - 18. Let j be (130/(-4))/((-500)/(-200)). What is p(j)?
-5
Let x(a) = -a**3 + 11*a**2 - 11*a + 3. Let m be (-8)/4*-7 + -1*5. Suppose -26*q = -m*q - 170. What is x(q)?
-7
Let u(o) = -o - 233. Let l(c) = c + 259. Let f(r) = 9*l(r) + 10*u(r). Calculate f(-6).
7
Let o(j) = j**2 - 6*j - 1. Let u(i) = -2*i**2 + 12*i + 2. Let g(y) = 7*o(y) + 4*u(y). Let x be (-1 + 5)/((8/34)/(-4)). Let b be 16/6*(-153)/x. Calculate g(b).
1
Suppose w = -205 + 207. Let l(b) = 2*b - 5*b**3 - 2882*b**2 + 2 + 2878*b**w + 8*b**3. Determine l(2).
14
Suppose 4*p = -p - 4*u + 42, p = 2*u. Let d(i) = -2*i**3 + 14*i**2 - 13*i + 7. What is d(p)?
1
Let w(r) = -7*r**3 + 9*r**2 + 6*r + 4. Suppose -92 = 17*d + 10. Let q(f) = 20*f**3 - 26*f**2 - 18*f - 11. Let s(t) = d*q(t) - 17*w(t). Determine s(4).
6
Let r(f) = f**2 - 14*f + 18. Let z = -697 - -702. Suppose -5*b + 40 = z*a, -4*a + 77 = 7*b - 12*b. Determine r(a).
5
Let r be 492/48 + (-2)/8 - 4. Let c = -4 + 6. Let g(j) = -2 - j**3 + c + 4*j**2 - 8*j + 4 + 3*j**2. What is g(r)?
-8
Let v(h) = -14*h**3 + h**2 + 82*h + 80. Let f be v(-1). Let g(j) = -4*j + 74. Calculate g(f).
22
Let q(k) be the first derivative of -k + 55 + 7/2*k**2. Give q(3).
20
Let v(g) = -g**2 - 3*g - 3. Suppose 4*p = -4*s - 8, -3*p = -4*s + 7 - 1. Let t(m) = 8*m**2 - 3*m**2 - 3*m + 7*m + 2*m**3. Let w be t(p). Determine v(w).
-7
Let l(s) = 6*s**2 + 2*s + 4. Suppose u + 4*d = 1, 2*u - 4 + 12 = 2*d. Give l(u).
52
Let i(p) be the first derivative of 1/3*p**3 + 5*p - 5/2*p**2 + 1. Suppose -111 - 314 = 148*a + 211*a - 444*a. Determine i(a).
5
Let k(d) = 14 - 1 - 12*d + d**2 - 2*d + 3*d. Suppose -15*c + 121 = 2*m - 20*c, -4*m = 4*c - 312. Suppose 0 = -9*v + 8 + m. Calculate k(v).
-5
Let y(m) = 2*m + 1. Let f(t) = t**2 + 25*t - 116. Let o be f(4). Suppose 4*q = o, 5*x - 4 = x - q. Give y(x).
3
Let m(h) = 2*h + 2. Let c be m(3). Let k(r) be the third derivative of r**5/60 - r**4/3 + 2*r**3/3 - 2382*r**2 + 7*r. What is k(c)?
4
Let p(u) = -u**2 + 25*u - 140. Suppose 122*c = 121*c + 4*y + 16, -3*y + 16 = c. Determine p(c).
4
Let a(j) = -3*j**3 + 15*j**2 - 12*j - 3. Let h(m) = m**3 - 7*m**2 + 6*m + 1. Suppose -26*s = -110 - 20. Let p(w) = s*h(w) + 2*a(w). What is p(-6)?
-1
Let o(u) = -2*u - 3. Let a be ((-362)/3)/((-3)/9). Let f = a - 366. Determine o(f).
5
Let m(n) = 2*n**3 + 4*n**2 + 5*n + 2. Let r = 785 - 741. Let k be ((-11)/r)/((-7)/(-56)). Determine m(k).
-8
Suppose -2*s = 5*c - 42, s = 2*s + 2*c - 19. Suppose 5*h = -b - s, b = -2*h + 6*b + 1. Let a(g) = 2*g**2 + 5*g + 5. Determine a(h).
3
Suppose 3*q - 1076 = -206. Let n = q - 290. Let u(c) = c**2 - c + 2. What is u(n)?
2
Suppose 5*k = -25 + 100. Let x be (2 + 1/(-2))*40/k. Let f(g) = x*g + 5*g + 2*g + 3 - 10*g. Determine f(-7).
-4
Suppose 3*s - 7*s = 4*b - 8, s - 4*b - 12 = 0. Suppose -i = k - 25, 0 = s*i + k - 85. Let x(c) = -19*c**2 + 4 - 5*c + 40*c**2 - i*c**2. Calculate x(3).
-2
Let v = -18 - -25. Let p(r) = 2*r - 5 + 4 - 3*r - v. Suppose -4*h + 32 = -4*j, 0 = -h + 21*j - 22*j + 4. What is p(h)?
-14
Let m(j) = -2*j**2 + 12*j + 1. Suppose -335*s + 330*s = -55. Let z(n) = 5*n**2 - 33*n - 3. Let i(y) = s*m(y) + 4*z(y). Give i(1).
-3
Let s be -2*(9/(-6))/3. Let x(o) = -5 - s + o**2 + 0*o**2 + 1 + 8*o. Let a(z) = 7*z + 12. Let c be a(-3). Calculate x(c).
4
Suppose -2*q - x + 46 = x, -2*q - 4*x = -36. Let z(t) = 3*t - 16. Let r be z(15). Let l(w) = 6*w - 2 - r*w**2 + q*w**2 - 2*w. Determine l(5).
-7
Let a(i) = -i**3 - 7*i**2 - i + 6. Suppose 81*d - 8622 = 75*d. Suppose 1409 = 4*q + d. What is a(q)?
13
Let x(c) be the third derivative of c**6/120 - c**5/12 - c**4/3 - c**3/3 - 2*c**2. Let q = -290 - -296. What is x(q)?
-14
Let b(k) = k**3 + 12*k**2 - 14*k - 7. Let s = 189 - 188. Let z be (4 + s)*(-143)/(-110)*-2. Determine b(z).
6
Suppose -5*k - 2*x = -6, x = 5*x + 8. Let m(b) = -10*b - 2*b**2 - 5*b**2 - 7 + 5*b**k + b. Suppose -3*h = -5*h - 12. Determine m(h).
-25
Let u(d) be the third derivative of 5*d**4/24 - 19*d**3/3 + 178*d**2 - 3*d. Determine u(6).
-8
Let z(s) be the third derivative of s**4/12 - 63*s**2 + 2. Let b(a) = 3*a. Let k(u) = 5*b(u) - 7*z(u). Give k(8).
8
Let h = 60 - -8. Let k = h - 57. Let y(s) = -7*s + 4*s + 3*s - k + s. Give y(0).
-11
Let s = 19 - 17. Let y(o) = -19*o**2 - 5 + o**3 - 4*o**2 - o + 6*o + 20*o**s. What is y(4)?
31
Let l(w) = -w + 1. Let t(m) = m**2 + m + 7. Let g(z) = 3*l(z) - t(z). Let s = -746 + 728. Let a be s*(2 + 25/(-15)). Calculate g(a).
-16
Let s(z) = 2*z**2 + 26*z - 60. Let t(w) = w**2 + 13*w - 31. Let k(r) = -6*s(r) + 11*t(r). Suppose -3*x = -4*x - 14. What is k(x)?
5
Let h(g) = -7*g**2 + 2*g + 18. Let z(m) = m**2 - m - 6. Let y(c) = -3*c**2 + 4*c + 20. Let d(s) = -2*y(s) - 7*z(s). Let r(x) = 6*d(x) - h(x). What is r(9)?
3
Let a(x) be the first derivative of -x**3/3 + 2*x**2 - x + 797. Let m = -10 - -10. Calculate a(m).
-1
Let o(d) = -d**3 + 7*d**2 - 7*d. Let z = 1537 + -1530. Give o(z).
-49
Let s(t) = 7*t**2. Let c(b) = b - 33. Let v be c(0). Let p be 14/(-3)*v/(-22). Let z be (-78)/91 + 1/p. Give s(z).
7
Let n(u) be the first derivative of -u + 3 + 1/2*u**2. Suppose 5*m = -15*m + 133 + 7. Determine n(m).
6
Let o be (204/(-42) - (3 + -1))/((-18)/84). Let u(r) = -6*r + 186. Calculate u(o).
-6
Let z(v) = -v**3 - 26*v**2 - 2*v - 58. Let k = 3565 + -3591. What is z(k)?
-6
Let i(l) = -49*l - 131 - 54 + 121*l - 52*l - 30. Give i(11).
5
Suppose -3*t - 5*i = 11 - 12, 0 = -4*t + 5*i + 48. Let r(g) be the third derivative of 1/120*g**6 - 11*g**2 - g**3 + 0 + 0*g - 2/15*g**5 + 3/8*g**4. Give r(t).
8
Let o(s) = -9*s**2 + 5*s + 3. Let p(k) = 27*k**2 + 3*k - 13. Let t(b) = 40*b**2 + 3*b - 19. Let m(g) = -7*p(g) + 5*t(g). Let a(h) = -5*m(h) - 6*o(h). Give a(3).
-7
Let u(h) = 2*h - 34. Let f = 17 - -50. Suppose 4*d + 11*t = 12*t + f, 2*d - 5*t = 47. Calculate u(d).
-2
Let y(t) = -t**2 - 29*t + 36. Let z be y(-30). Let p(r) be the third derivative of -r**6/120 + r**5/10 + 4*r**3/3 - 144*r**2 - 2*r. Calculate p(z).
8
Let j(g) be the second derivative of -g**4/4 + 6*g**2 - 2828*g. Give j(-3).
-15
Let o(m) = 8*m**3 - m**2 + 2*m - 1. Let l(g) = 2*g**2 - g**2 + 1 + 356*g - 375*g. Let x be l(19). Determine o(x).
8
Let d(z) = 9*z - 41. Let r be (2 - 1) + -53 + 61. Calculate d(r).
40
Let n(h) be the second derivative of -h**3/6 + 3*h**2/2 - 990*h + 2. Let r be 5 + (0/1 - -2). What is n(r)?
-4
Let j be (-2 + 5 - 1) + (-3 - -4). Let h(w) = 20 - 2 + w - 10 - 8 - 3. Give h(j).
0
Let p = -214 - -216. Let a(d) = -d - 18*d**2 - 24*d**p + 43*d**2. Give a(3).
6
Let u(d) = -4*d - 6. Suppose -6*l + 3*l = -5*y - 18, 5*y + 11 = -4*l. Suppose v + 2 = -l. Determine u(v).
6
Let f = 273 - 175. Suppose 104*k - 111*k = f. Let h(w) = -w**3 - 15*w**2 - 14*w + 9. Calculate h(k).
9
Let v(c) = -7*c**2 - 5*c + 6. Suppose 0 = -3*w, 5*h - 4*w + 3 = 2*h. Let j(g) = -3*g**2 - g + 1. Let a(o) = h*v(o) + 2*j(o). Give a(-4).
0
Let i(o) = o. Suppose -3*m - 6 = -5*m. Suppose m*l - 5*l = c - 3, 4*l = -3*c + 9. Suppose 3*t = -15, 0*t + t = c*d - 20. What is i(d)?
5
Let r be (1/(2/87))/((-9)/12). Let j = 61 + r. Let w(k) = -3*k - 3 - k**2 + 2*k**2 + k**2 + 0*k. Determine w(j).
6
Let c(x) = -4*x**3 + 25*x**2 + 10*x + 1. Let m(q) = 7*q**3 - 44*q**2 - 20*q - 3. Let z(d) = 5*c(d) + 3*m(d). What is z(8)?
-20
Let n(u) be the third derivative of u**6/40 + u**5/30 - u**4/6 - 2520*u**2. Determine n(2).
24
Let t(n) = n + 3. Let o = 4 - 4. Let k(r) be the second derivative of -r**4/12 - 5*r**3/6 + 2*r**2 - 479*r. Let z be k(o). Give t(z).
7
Let v = -2 - -2. Suppose 4*l + 12 = -v*l. Let f(h) be the first derivative of h**4/4 + 5*h**3/3 + 3*h**2/2 - 4*h - 22333. Calculate f(l).
5
Let t be ((-136)/(-16))/(-17)*-4. Suppose -t*q - 3*w - 35 = 0, 0 = -q - 5*w + 18 - 53. Let b(r) = r**2 + 8*r - 12. Determine b(q).
8
Suppose 0 = -5*i - 5*q - 15, 5*i = 4*i - 4*q - 18. Let l(f) = -i*f + 579*f**2 - 578*f**2 - 1 - 2. What is l(3)?
0
Suppose 2*p + 3*p = -15. Let i(h) be the first derivative of h**4/4 + h**3 + 3*h**2/2 